{"id":3340,"date":"2022-12-13T13:23:49","date_gmt":"2022-12-13T12:23:49","guid":{"rendered":"https:\/\/zmianawarty.pl\/?page_id=3340"},"modified":"2024-09-19T08:26:48","modified_gmt":"2024-09-19T06:26:48","slug":"pomagamy-przy-sprzedazy-firmy-lub-udzialow","status":"publish","type":"page","link":"https:\/\/pragmatiq.pl\/zmianawarty\/pomagamy-przy-sprzedazy-firmy-lub-udzialow\/","title":{"rendered":"Pomagamy przy sprzeda\u017cy firmy lub udzia\u0142\u00f3w"},"content":{"rendered":"\n<h1 class=\"wp-block-heading\">Sprzeda\u017c sp\u00f3\u0142ki<\/h1>\n\n\n\n<p>Sprzeda\u017c firmy (zbycie udzia\u0142\u00f3w sp\u00f3\u0142ki) jest jedn\u0105 z&nbsp;najtrudniejszych decyzji, jak\u0105 musz\u0105 podj\u0105\u0107 osoby prowadz\u0105ce sw\u00f3j biznes. Sprzeda\u017c sp\u00f3\u0142ki to&nbsp;wieloetapowy proces, do&nbsp;kt\u00f3rego&nbsp;warto jest si\u0119 przygotowa\u0107. W\u0142a\u015bciwie zrealizowany plan sprzeda\u017cy firmy (zbycie udzia\u0142\u00f3w) pozwoli unikn\u0105\u0107 b\u0142\u0119d\u00f3w, kt\u00f3re mog\u0105 wp\u0142yn\u0105\u0107 na&nbsp;powodzenie transakcji lub wysoko\u015b\u0107 ceny, jak\u0105 zap\u0142aci nabywca.<\/p>\n\n\n\n<figure class=\"wp-block-image size-large\"><img fetchpriority=\"high\" decoding=\"async\" width=\"1024\" height=\"683\" src=\"https:\/\/pragmatiq.pl\/zmianawarty\/wp-content\/uploads\/2022\/12\/49dc3c8e-5f9b-48f0-9b13-1ffcaf3d8638-1024x683.png\" alt=\"\" class=\"wp-image-3341\" srcset=\"https:\/\/pragmatiq.pl\/zmianawarty\/wp-content\/uploads\/2022\/12\/49dc3c8e-5f9b-48f0-9b13-1ffcaf3d8638-1024x683.png 1024w, https:\/\/pragmatiq.pl\/zmianawarty\/wp-content\/uploads\/2022\/12\/49dc3c8e-5f9b-48f0-9b13-1ffcaf3d8638-300x200.png 300w, https:\/\/pragmatiq.pl\/zmianawarty\/wp-content\/uploads\/2022\/12\/49dc3c8e-5f9b-48f0-9b13-1ffcaf3d8638-768x512.png 768w, https:\/\/pragmatiq.pl\/zmianawarty\/wp-content\/uploads\/2022\/12\/49dc3c8e-5f9b-48f0-9b13-1ffcaf3d8638-1536x1024.png 1536w, https:\/\/pragmatiq.pl\/zmianawarty\/wp-content\/uploads\/2022\/12\/49dc3c8e-5f9b-48f0-9b13-1ffcaf3d8638-2048x1365.png 2048w\" sizes=\"(max-width: 767px) 89vw, (max-width: 1000px) 54vw, (max-width: 1071px) 543px, 580px\" \/><\/figure>\n\n\n\n<h3 class=\"wp-block-heading\">Pomoc prawna przy sprzeda\u017cy firmy (zbycie udzia\u0142\u00f3w i nie tylko)<\/h3>\n\n\n\n<p>Kancelaria PragmatIQ \u015bwiadczy kompleksowe us\u0142ugi do&nbsp;kt\u00f3rych&nbsp;nale\u017c\u0105 w&nbsp;szczeg\u00f3lno\u015bci:<\/p>\n\n\n\n<ul class=\"wp-block-list\">\n<li>przygotowanie przez&nbsp;kancelari\u0119 planu na&nbsp;sprzeda\u017c firmy;<\/li>\n\n\n\n<li>weryfikacja czy umowa sp\u00f3\u0142ki pozwala dokona\u0107 wszystkich wymaganych czynno\u015bci, kt\u00f3re wymagane s\u0105 przez przepisy, w tym kodeks sp\u00f3\u0142ek handlowych;<\/li>\n\n\n\n<li>ocen\u0119 wp\u0142ywu planowanych czynno\u015bci cywilnoprawnych na przedsi\u0119biorstwo;<\/li>\n\n\n\n<li>weryfikacja przez&nbsp;kancelari\u0119 wyceny na&nbsp;sprzeda\u017c firmy;<\/li>\n\n\n\n<li>pomoc w&nbsp;poszukiwaniu nabywcy;<\/li>\n\n\n\n<li>wsparcie w&nbsp;wyborze formy prawnej sprzeda\u017cy firmy;<\/li>\n\n\n\n<li>doradztwo kancelarii przy podj\u0119ciu decyzji o&nbsp;sprzeda\u017cy przedsi\u0119biorstwa lub jego cz\u0119\u015bci;<\/li>\n\n\n\n<li>analiza podatkowa kancelarii w&nbsp;celu wyboru optymalnej formy na&nbsp;sprzeda\u017c firmy;<\/li>\n\n\n\n<li>wsparcie w&nbsp;przygotowaniu firmy na&nbsp;sprzeda\u017c;<\/li>\n\n\n\n<li>udzia\u0142 w&nbsp;negocjacjach sprzeda\u017cy firmy;<\/li>\n\n\n\n<li>przygotowanie umowy sprzeda\u017cy;<\/li>\n\n\n\n<li>zabezpieczenie p\u0142atno\u015bci zwi\u0105zanych ze&nbsp;sprzeda\u017c\u0105 firmy;<\/li>\n\n\n\n<li>wsparcie tak\u017ce w postaci obecno\u015bci prawnika przy zawieraniu umowy sprzeda\u017cy;<\/li>\n\n\n\n<li>analiza podatkowa dotycz\u0105ca obowi\u0105zk\u00f3w podatkowych po sprzeda\u017cy firmy (w tym podatek dochodowy, czy od czynno\u015bci cywilnoprawnych).<\/li>\n<\/ul>\n\n\n\n<p>Prowadz\u0105c sprzeda\u017c firmy kancelaria PragmatIQ gwarantuje pe\u0142ne zaanga\u017cowanie oraz sprawne i&nbsp;profesjonalne, post\u0119powanie na&nbsp;wszystkich etapach transakcji. Je\u015bli chcesz aby sprzeda\u017c firmy przebieg\u0142a bez&nbsp;niepotrzebnych zmartwie\u0144 skontaktuj si\u0119 z&nbsp;kancelari\u0105 PragmatIQ i ciesz si\u0119 skuteczno\u015bci\u0105 przeprowadzonej transakcji.<\/p>\n\n\n\n<h2 class=\"wp-block-heading\">Procedura sprzeda\u017cy firmy<\/h2>\n\n\n\n<p>Sprzeda\u017c firmy wi\u0105\u017ce si\u0119 nie tylko z du\u017cym \u0142adunkiem emocjonalnym dla jej w\u0142a\u015bciciela, lecz tak\u017ce z wieloma skomplikowanymi operacjami i zagadnieniami prawnymi, kt\u00f3re mog\u0105 stanowi\u0107 znacz\u0105cy problem dla samego przedsi\u0119biorcy oraz zarz\u0105du sp\u00f3\u0142ki czuwaj\u0105cego nad dokonywan\u0105 transakcj\u0105.<\/p>\n\n\n\n<figure class=\"wp-block-image size-large\"><img decoding=\"async\" width=\"1024\" height=\"683\" src=\"https:\/\/pragmatiq.pl\/zmianawarty\/wp-content\/uploads\/2022\/12\/5e273767-c31d-40a4-ae08-87a2f74039e6-1024x683.png\" alt=\"\" class=\"wp-image-3342\" srcset=\"https:\/\/pragmatiq.pl\/zmianawarty\/wp-content\/uploads\/2022\/12\/5e273767-c31d-40a4-ae08-87a2f74039e6-1024x683.png 1024w, https:\/\/pragmatiq.pl\/zmianawarty\/wp-content\/uploads\/2022\/12\/5e273767-c31d-40a4-ae08-87a2f74039e6-300x200.png 300w, https:\/\/pragmatiq.pl\/zmianawarty\/wp-content\/uploads\/2022\/12\/5e273767-c31d-40a4-ae08-87a2f74039e6-768x512.png 768w, https:\/\/pragmatiq.pl\/zmianawarty\/wp-content\/uploads\/2022\/12\/5e273767-c31d-40a4-ae08-87a2f74039e6-1536x1024.png 1536w, https:\/\/pragmatiq.pl\/zmianawarty\/wp-content\/uploads\/2022\/12\/5e273767-c31d-40a4-ae08-87a2f74039e6-2048x1365.png 2048w\" sizes=\"(max-width: 767px) 89vw, (max-width: 1000px) 54vw, (max-width: 1071px) 543px, 580px\" \/><\/figure>\n\n\n\n<h3 class=\"wp-block-heading\">Sprzeda\u017c firmy krok po kroku<\/h3>\n\n\n\n<p>Procedura w\u0142a\u015bciwej sprzeda\u017cy sp\u00f3\u0142ki zaczyna si\u0119 o wiele wcze\u015bniej ni\u017c mogliby\u015bmy przypuszcza\u0107, a zawarcie umowy sprzeda\u017cy sp\u00f3\u0142ki (udzia\u0142\u00f3w) jest niemal ostatnim z wielu dzia\u0142a\u0144 w dokonywanej transakcji.<\/p>\n\n\n\n<p>Przed sprzeda\u017c\u0105 konieczne jest, aby zadba\u0107 o to, \u017ceby w umowie sp\u00f3\u0142ki nie zosta\u0142y zawarte jakiekolwiek postanowienia, kt\u00f3re utrudnia\u0142yby dalsze prawid\u0142owe funkcjonowanie dzia\u0142alno\u015bci gospodarczej, czy te\u017c odstraszaj\u0105ce potencjalnych nabywc\u00f3w.<\/p>\n\n\n\n<p>Ponadto, nale\u017cy niezwykle skrupulatnie przeprowadzi\u0107 analiz\u0119 podatkow\u0105, dzi\u0119ki kt\u00f3rej b\u0119dziemy pewni, \u017ce w zwi\u0105zku z dokonywan\u0105 operacj\u0105 nie wi\u0105\u017c\u0105 si\u0119, przyk\u0142adowo, szczeg\u00f3lnie niekorzystne dla nas zobowi\u0105zania podatkowe.<\/p>\n\n\n\n<p>Nale\u017cy r\u00f3wnie\u017c zadba\u0107 o to, aby w\u0142a\u015bciwie wyceni\u0107 warto\u015b\u0107 prowadzonej przez nas sp\u00f3\u0142ki, mi\u0119dzy innymi w oparciu o fachowo przygotowane badanie due diligence, kt\u00f3re pozwoli oceni\u0107 faktyczn\u0105 warto\u015b\u0107 prowadzonej przez nas dzia\u0142alno\u015bci biznesowej. Jest to szczeg\u00f3lnie wa\u017cne, gdy\u017c wycena nie jest zwi\u0105zana jedynie z maj\u0105tkiem sp\u00f3\u0142ki, lecz tak\u017ce, a czasem nawet przede wszystkim z niemaj\u0105tkowymi zaletami sp\u00f3\u0142ki. Mo\u017ce wi\u0105za\u0107 si\u0119 ona chocia\u017cby z uzyskan\u0105 w czasie renom\u0105 wykonywanych przez sp\u00f3\u0142k\u0119 us\u0142ug, popularnym know how sp\u00f3\u0142ki, danymi, jakie s\u0105 przetwarzane w firmie lub te\u017c z faktem, i\u017c w sp\u00f3\u0142ce zatrudnieni s\u0105 wybitni lub trudnodost\u0119pni na rynku pracownicy. W zwi\u0105zku z tym, z punktu widzenia w\u0142a\u015bciciela warto\u015b\u0107 w\u0142asnej firmy mo\u017ce si\u0119 znacz\u0105co r\u00f3\u017cni\u0107 od jej faktycznej wyceny.<\/p>\n\n\n\n<figure class=\"wp-block-image size-large\"><img decoding=\"async\" width=\"1024\" height=\"683\" src=\"https:\/\/pragmatiq.pl\/zmianawarty\/wp-content\/uploads\/2022\/12\/df2a44d2-1f24-4d65-b589-ab0df7bc585a-1024x683.png\" alt=\"\" class=\"wp-image-3343\" srcset=\"https:\/\/pragmatiq.pl\/zmianawarty\/wp-content\/uploads\/2022\/12\/df2a44d2-1f24-4d65-b589-ab0df7bc585a-1024x683.png 1024w, https:\/\/pragmatiq.pl\/zmianawarty\/wp-content\/uploads\/2022\/12\/df2a44d2-1f24-4d65-b589-ab0df7bc585a-300x200.png 300w, https:\/\/pragmatiq.pl\/zmianawarty\/wp-content\/uploads\/2022\/12\/df2a44d2-1f24-4d65-b589-ab0df7bc585a-768x512.png 768w, https:\/\/pragmatiq.pl\/zmianawarty\/wp-content\/uploads\/2022\/12\/df2a44d2-1f24-4d65-b589-ab0df7bc585a-1536x1024.png 1536w, https:\/\/pragmatiq.pl\/zmianawarty\/wp-content\/uploads\/2022\/12\/df2a44d2-1f24-4d65-b589-ab0df7bc585a-2048x1365.png 2048w\" sizes=\"(max-width: 767px) 89vw, (max-width: 1000px) 54vw, (max-width: 1071px) 543px, 580px\" \/><\/figure>\n\n\n\n<p>Opr\u00f3cz tego, nie mo\u017cna pomin\u0105\u0107 r\u00f3\u017cnych kwestii zwi\u0105zanych z uregulowaniami prawnymi dotycz\u0105cymi chocia\u017cby nieruchomo\u015bci nale\u017c\u0105cej do sp\u00f3\u0142ki, w kt\u00f3rej posiadaniu jest sprzedawana sp\u00f3\u0142ka tak aby przyk\u0142adowo przej\u0119cie sp\u00f3\u0142ki zwi\u0105zane ze sprzeda\u017c\u0105 firmy nie spowodowa\u0142o utraty w\u0142asno\u015bci nieruchomo\u015bci. Dlatego te\u017c, warto w trakcie procesu sprzeda\u017cy dok\u0142adnie zapozna\u0107 si\u0119 z wieloma r\u00f3\u017cnymi przepisami, kt\u00f3re mog\u0105 dotyczy\u0107 transakcji, a w szczeg\u00f3lno\u015bci te postanowienia, kt\u00f3re przewiduje kodeks sp\u00f3\u0142ek handlowych oraz kodeks cywilny.<\/p>\n\n\n\n<p>Finalnie, po zweryfikowaniu wszystkich najwa\u017cniejszych kwestii, nale\u017cy zadba\u0107 o to, aby umowa zbycia zawiera\u0142a postanowienia, kt\u00f3re nie spowoduj\u0105 dalszych problem\u00f3w, a umowa sprzeda\u017cy dojdzie do skutku bez \u017cadnych nieoczekiwanych konsekwencji.<br>Oczywi\u015bcie, po wszystkim nie mo\u017ce zapomnie\u0107 o tym, aby zap\u0142aci\u0107 podatek zwi\u0105zany z dokonan\u0105 czynno\u015bci\u0105, gdy\u017c zaniedbanie tego mo\u017ce doprowadzi\u0107 do nieprzyjemnych konsekwencji.<\/p>\n\n\n\n<figure class=\"wp-block-image size-large\"><img loading=\"lazy\" decoding=\"async\" width=\"1024\" height=\"683\" src=\"https:\/\/pragmatiq.pl\/zmianawarty\/wp-content\/uploads\/2022\/12\/feec0558-e166-4a9e-bfb9-574782c45aa6-1024x683.png\" alt=\"\" class=\"wp-image-3334\" srcset=\"https:\/\/pragmatiq.pl\/zmianawarty\/wp-content\/uploads\/2022\/12\/feec0558-e166-4a9e-bfb9-574782c45aa6-1024x683.png 1024w, https:\/\/pragmatiq.pl\/zmianawarty\/wp-content\/uploads\/2022\/12\/feec0558-e166-4a9e-bfb9-574782c45aa6-300x200.png 300w, https:\/\/pragmatiq.pl\/zmianawarty\/wp-content\/uploads\/2022\/12\/feec0558-e166-4a9e-bfb9-574782c45aa6-768x512.png 768w, https:\/\/pragmatiq.pl\/zmianawarty\/wp-content\/uploads\/2022\/12\/feec0558-e166-4a9e-bfb9-574782c45aa6-1536x1024.png 1536w, https:\/\/pragmatiq.pl\/zmianawarty\/wp-content\/uploads\/2022\/12\/feec0558-e166-4a9e-bfb9-574782c45aa6-2048x1365.png 2048w\" sizes=\"(max-width: 767px) 89vw, (max-width: 1000px) 54vw, (max-width: 1071px) 543px, 580px\" \/><\/figure>\n\n\n\n<h2 class=\"wp-block-heading\">Sprzeda\u017c zorganizowanej cz\u0119\u015bci przedsi\u0119biorstwa<\/h2>\n\n\n\n<h3 class=\"wp-block-heading\">Jednoosobowa dzia\u0142alno\u015b\u0107 gospodarcza i sp\u00f3\u0142ka cywilna<\/h3>\n\n\n\n<p>Warto pami\u0119ta\u0107 o tym, \u017ce procedura sprzeda\u017cy nie zawsze dotyczy ca\u0142ej firmy (w szczeg\u00f3lno\u015bci gdy przedmiotem sprawy jest jednoosobowa dzia\u0142alno\u015b\u0107 gospodarcza lub sp\u00f3\u0142ka cywilna) istnieje mo\u017cliwo\u015b\u0107 sprzeda\u017cy zorganizowanej cz\u0119\u015bci przedsi\u0119biorstwa.<\/p>\n\n\n\n<h3 class=\"wp-block-heading\">W\u0142a\u015bciwe rozumienie poj\u0119cia zorganizowanej cz\u0119\u015bci przedsi\u0119biorstwa<\/h3>\n\n\n\n<p>Taka transakcja mo\u017ce dotyczy\u0107 r\u00f3wnie\u017c innych sp\u00f3\u0142ek maj\u0105cych r\u00f3\u017cne fory prawne, jednak zgodnie z wydan\u0105 interpretacj\u0105 podatkow\u0105 wydan\u0105 przez Dyrektora Krajowej Informacji Skarbowej nr<a target=\"_blank\" rel=\"noreferrer noopener\" href=\"https:\/\/eureka.mf.gov.pl\/informacje\/podglad\/500439;keyWords=0111\">&nbsp;<\/a>0111-KDIB1-1.4010.239.2022.2.SG<a target=\"_blank\" rel=\"noreferrer noopener\" href=\"https:\/\/eureka.mf.gov.pl\/informacje\/podglad\/500439;keyWords=0111\"> <\/a>z dnia 18 lipca 2022 r. &#8211; &nbsp;\u201ezorganizowana cz\u0119\u015b\u0107 przedsi\u0119biorstwa nie jest [\u2026] dowolnym zbiorem sk\u0142adnik\u00f3w maj\u0105tkowych (materialnych i niematerialnych) wchodz\u0105cych w sk\u0142ad przedsi\u0119biorstwa, ale wyodr\u0119bnionym organizacyjnie, finansowo i funkcjonalnie zespo\u0142em tych sk\u0142adnik\u00f3w, zdolnym do bycia oddzielnym przedsi\u0119biorstwem, samodzielnie realizuj\u0105cym okre\u015blone zadania gospodarcze.\u201d, o czym nale\u017cy pami\u0119ta\u0107 dokonuj\u0105c ich zbycia.<\/p>\n\n\n\n<h3 class=\"wp-block-heading\">Pomoc prawna sprzeda\u017cy firmy<\/h3>\n\n\n\n<p>Ze wzgl\u0119du na powy\u017csze, sprzeda\u017c firmy mo\u017ce by\u0107 niekiedy bardziej skomplikowan\u0105 operacj\u0105 ni\u017c samo prowadzenie biznesu, st\u0105d te\u017c warto, aby sprzedaj\u0105cy nie dzia\u0142a\u0142 sam, nara\u017caj\u0105c si\u0119 na ryzyko zwi\u0105zane z wykorzystaniem niewiedzy przez potencjalnych inwestor\u00f3w, czy te\u017c odpowiedzialno\u015b\u0107 karno-skarbow\u0105 wynikaj\u0105c\u0105 z niezap\u0142acenia wymaganych podatk\u00f3w. Warto zadba\u0107 o zesp\u00f3\u0142 wyspecjalizowanych prawnik\u00f3w, posiadaj\u0105cy do\u015bwiadczenie w podobnych transakcjach, niezale\u017cnie czy przedmiotem sprzeda\u017cy jest sp\u00f3\u0142ka z ograniczon\u0105 odpowiedzialno\u015bci\u0105, czy te\u017c dotyczy ona sp\u00f3\u0142ki cywilnej.<\/p>\n\n\n\n<h2 class=\"wp-block-heading\">\ufeffSprzeda\u017c udzia\u0142\u00f3w<\/h2>\n\n\n\n<p>Skomplikowanym procesem jest nie tylko zbycie ca\u0142ej firmy, ale r\u00f3wnie\u017c sama sprzeda\u017c udzia\u0142\u00f3w, kt\u00f3ra r\u00f3wnie\u017c sprawi\u0142a niema\u0142y k\u0142opot wielu przedsi\u0119biorcom.<br>W tym przypadku tak\u017ce nale\u017cy podj\u0105\u0107 wiele r\u00f3\u017cnych czynno\u015bci, kt\u00f3rych zwie\u0144czeniem jest zawarcie umowy sprzeda\u017cy przedsi\u0119biorstwa czy zbycie udzia\u0142\u00f3w.<\/p>\n\n\n\n<h3 class=\"wp-block-heading\">Procedura zbycia udzia\u0142\u00f3w<\/h3>\n\n\n\n<p>R\u00f3wnie\u017c zbycie udzia\u0142\u00f3w wymaga wnikliwego przyjrzenia si\u0119 umowie sp\u00f3\u0142ki, w szczeg\u00f3lno\u015bci aby ustali\u0107 z czym mo\u017ce wi\u0105za\u0107 si\u0119 nabycie udzia\u0142\u00f3w, przyk\u0142adowo, czy do tej transakcji potrzebujemy zgody innego wsp\u00f3lnika.<\/p>\n\n\n\n<p>Obowi\u0105zkowe jest tak\u017ce zweryfikowanie, czy sprzeda\u017c udzia\u0142\u00f3w mo\u017ce odby\u0107 si\u0119 w formie pisemnej, czy mo\u017ce zbycie udzia\u0142\u00f3w w konkretnym przypadku wymaga formy umowy z podpisami notarialnie po\u015bwiadczonymi.<\/p>\n\n\n\n<p>W tym przypadku tak\u017ce niezb\u0119dne b\u0119dzie przeprowadzenie procesu due diligence, aby wyznaczy\u0107 cen\u0119, kt\u00f3ra nie odstraszy przysz\u0142ego nabywcy, czy potencjalnych inwestor\u00f3w, jednocze\u015bnie nie zani\u017caj\u0105c warto\u015bci oferowanego udzia\u0142u.<\/p>\n\n\n\n<p>Ponadto, sprzedawca udzia\u0142\u00f3w jest zobowi\u0105zany do rozliczenia podatk\u00f3w, wskazanych przez prawo podatkowe.<\/p>\n\n\n\n<figure class=\"wp-block-image size-large\"><img loading=\"lazy\" decoding=\"async\" width=\"1024\" height=\"683\" src=\"https:\/\/pragmatiq.pl\/zmianawarty\/wp-content\/uploads\/2022\/12\/c1bb291b-a346-453e-969d-aa7268d6d6c0-1024x683.png\" alt=\"\" class=\"wp-image-3344\" srcset=\"https:\/\/pragmatiq.pl\/zmianawarty\/wp-content\/uploads\/2022\/12\/c1bb291b-a346-453e-969d-aa7268d6d6c0-1024x683.png 1024w, https:\/\/pragmatiq.pl\/zmianawarty\/wp-content\/uploads\/2022\/12\/c1bb291b-a346-453e-969d-aa7268d6d6c0-300x200.png 300w, https:\/\/pragmatiq.pl\/zmianawarty\/wp-content\/uploads\/2022\/12\/c1bb291b-a346-453e-969d-aa7268d6d6c0-768x512.png 768w, https:\/\/pragmatiq.pl\/zmianawarty\/wp-content\/uploads\/2022\/12\/c1bb291b-a346-453e-969d-aa7268d6d6c0-1536x1024.png 1536w, https:\/\/pragmatiq.pl\/zmianawarty\/wp-content\/uploads\/2022\/12\/c1bb291b-a346-453e-969d-aa7268d6d6c0-2048x1365.png 2048w\" sizes=\"(max-width: 767px) 89vw, (max-width: 1000px) 54vw, (max-width: 1071px) 543px, 580px\" \/><\/figure>\n\n\n\n<h2 class=\"wp-block-heading\">Doradztwo i pomoc prawna przy sprzeda\u017cy udzia\u0142\u00f3w<\/h2>\n\n\n\n<p>Sprzeda\u017c udzia\u0142\u00f3w jest zawsze skomplikowan\u0105, wymagaj\u0105c\u0105 pe\u0142nego zaanga\u017cowania transakcj\u0105, kt\u00f3ra&nbsp;niesie za&nbsp;sob\u0105 bardzo powa\u017cne konsekwencje zar\u00f3wno dla sprzedaj\u0105cego jak i&nbsp;kupuj\u0105cego.&nbsp;<\/p>\n\n\n\n<p>Sprzeda\u017c udzia\u0142\u00f3w to&nbsp;zagadnienie, w&nbsp;kt\u00f3rym&nbsp;prawnicy Kancelarii PragmatIQ posiadaj\u0105 bogate do\u015bwiadczenie. Kancelaria pomog\u0142a wielu klientom w&nbsp;transakcjach sprzeda\u017cy udzia\u0142\u00f3w lub akcji, dotycz\u0105cych sp\u00f3\u0142ek, a&nbsp;czynno\u015bci obejmowa\u0142y m.in.:<\/p>\n\n\n\n<ul class=\"wp-block-list\">\n<li>pomoc w ustaleniu ceny sprzeda\u017cy udzia\u0142\u00f3w;<\/li>\n\n\n\n<li>doradztwo kancelarii w&nbsp;procesie audytu sp\u00f3\u0142ki (<em>due diligence<\/em>) w&nbsp;tym ocen\u0119 zagro\u017ce\u0144 jak i&nbsp;korzy\u015bci zwi\u0105zanych ze&nbsp;sprzeda\u017c\u0105 udzia\u0142\u00f3w;<\/li>\n\n\n\n<li>negocjowanie przez kancelari\u0119 warunk\u00f3w i&nbsp;ceny sprzeda\u017cy udzia\u0142\u00f3w;<\/li>\n\n\n\n<li>przygotowanie przez&nbsp;kancelari\u0119 listu intencyjnego lub term sheet na&nbsp;sprzeda\u017c udzia\u0142\u00f3w;<\/li>\n\n\n\n<li>przygotowanie przez kancelari\u0119 umowy przedwst\u0119pnej sprzeda\u017cy udzia\u0142\u00f3w;<\/li>\n\n\n\n<li>przygotowywanie przez kancelari\u0119 oraz opiniowanie dokument\u00f3w w&nbsp;ca\u0142ym procesie transakcyjnym obejmuj\u0105cym sprzeda\u017c udzia\u0142\u00f3w;<\/li>\n\n\n\n<li>wsparcie w kontaktach z&nbsp;podmiotami, w&nbsp;tym organami administracji publicznej w&nbsp;zakresie spe\u0142nienia wymaganych obowi\u0105zk\u00f3w dotycz\u0105cych sprzeda\u017cy udzia\u0142\u00f3w;<\/li>\n\n\n\n<li>doradztwo kancelarii w&nbsp;zakresie zabezpieczenia transakcji sprzeda\u017cy udzia\u0142\u00f3w.<\/li>\n<\/ul>\n\n\n\n<p>Powierzaj\u0105c kancelarii PragmatIQ sprzeda\u017c udzia\u0142\u00f3w masz pewno\u015b\u0107, \u017ce&nbsp;transakcja przebiegnie w pe\u0142ni pomy\u015blnie. Kancelaria gwarantuje sprawne i&nbsp;profesjonalne post\u0119powanie na wszystkich etapach transakcji sprzeda\u017cy udzia\u0142\u00f3w. Kancelaria z ch\u0119ci\u0105 udzieli pomocy, tak\u017ce udzielaj\u0105c odpowiedzi na pytania, kt\u00f3re mog\u0105 pojawi\u0107 si\u0119 na ka\u017cdym etapie sprzeda\u017cy udzia\u0142\u00f3w, nie tylko w postaci spotkania, ale r\u00f3wnie\u017c w formie wiadomo\u015bci e &#8211; mail, zale\u017cnie od preferencji Klienta oraz prowadzonej dzia\u0142alno\u015bci gospodarczej.<\/p>\n\n\n\n<h3 class=\"wp-block-heading\">Obs\u0142uga prawna rozwi\u0105zaniem wielu problem\u00f3w<\/h3>\n\n\n\n<p>Kancelaria PragmatIQ posiada ca\u0142y zesp\u00f3\u0142 doradc\u00f3w co sprawia, \u017ce ka\u017cde zbycie udzia\u0142\u00f3w prowadzi grupa kompetentnych prawnik\u00f3w, a ich w\u0142a\u015bciciel b\u0119dzie m\u00f3g\u0142 zapomnie\u0107 o niemal wszystkich obowi\u0105zkach zwi\u0105zanych z ich sprzeda\u017c\u0105, nie tylko tych wynikaj\u0105cych z umowy sprzeda\u017cy.<\/p>\n","protected":false},"excerpt":{"rendered":"<p>Sprzeda\u017c sp\u00f3\u0142ki Sprzeda\u017c firmy (zbycie udzia\u0142\u00f3w sp\u00f3\u0142ki) jest jedn\u0105 z&nbsp;najtrudniejszych decyzji, jak\u0105 musz\u0105 podj\u0105\u0107 osoby prowadz\u0105ce sw\u00f3j biznes. Sprzeda\u017c sp\u00f3\u0142ki to&nbsp;wieloetapowy proces, do&nbsp;kt\u00f3rego&nbsp;warto jest si\u0119 przygotowa\u0107. W\u0142a\u015bciwie zrealizowany plan sprzeda\u017cy firmy (zbycie udzia\u0142\u00f3w) pozwoli unikn\u0105\u0107 b\u0142\u0119d\u00f3w, kt\u00f3re mog\u0105 wp\u0142yn\u0105\u0107 na&nbsp;powodzenie transakcji lub wysoko\u015b\u0107 ceny, jak\u0105 zap\u0142aci nabywca. Pomoc prawna przy sprzeda\u017cy firmy (zbycie udzia\u0142\u00f3w i &hellip; <\/p>\n<p class=\"link-more\"><a href=\"https:\/\/pragmatiq.pl\/zmianawarty\/pomagamy-przy-sprzedazy-firmy-lub-udzialow\/\" class=\"more-link\">Continue reading<span class=\"screen-reader-text\"> &#8222;Pomagamy przy sprzeda\u017cy firmy lub udzia\u0142\u00f3w&#8221;<\/span><\/a><\/p>\n","protected":false},"author":27,"featured_media":0,"parent":0,"menu_order":0,"comment_status":"closed","ping_status":"closed","template":"","meta":{"footnotes":""},"class_list":["post-3340","page","type-page","status-publish","hentry"],"_links":{"self":[{"href":"https:\/\/pragmatiq.pl\/zmianawarty\/wp-json\/wp\/v2\/pages\/3340","targetHints":{"allow":["GET"]}}],"collection":[{"href":"https:\/\/pragmatiq.pl\/zmianawarty\/wp-json\/wp\/v2\/pages"}],"about":[{"href":"https:\/\/pragmatiq.pl\/zmianawarty\/wp-json\/wp\/v2\/types\/page"}],"author":[{"embeddable":true,"href":"https:\/\/pragmatiq.pl\/zmianawarty\/wp-json\/wp\/v2\/users\/27"}],"replies":[{"embeddable":true,"href":"https:\/\/pragmatiq.pl\/zmianawarty\/wp-json\/wp\/v2\/comments?post=3340"}],"version-history":[{"count":3,"href":"https:\/\/pragmatiq.pl\/zmianawarty\/wp-json\/wp\/v2\/pages\/3340\/revisions"}],"predecessor-version":[{"id":4338,"href":"https:\/\/pragmatiq.pl\/zmianawarty\/wp-json\/wp\/v2\/pages\/3340\/revisions\/4338"}],"wp:attachment":[{"href":"https:\/\/pragmatiq.pl\/zmianawarty\/wp-json\/wp\/v2\/media?parent=3340"}],"curies":[{"name":"wp","href":"https:\/\/api.w.org\/{rel}","templated":true}]}}