{"id":157,"date":"2018-08-23T10:42:34","date_gmt":"2018-08-23T08:42:34","guid":{"rendered":"https:\/\/zmianawarty.pl\/?page_id=157"},"modified":"2018-08-27T09:57:54","modified_gmt":"2018-08-27T07:57:54","slug":"spolka-rodzinna-z-zewnetrznym-menedzerem","status":"publish","type":"page","link":"https:\/\/pragmatiq.pl\/zmianawarty\/spolka-rodzinna-z-zewnetrznym-menedzerem\/","title":{"rendered":"Sp\u00f3\u0142ka rodzinna z zewn\u0119trznym mened\u017cerem"},"content":{"rendered":"<h1><strong><img decoding=\"async\" class=\"alignnone size-thumbnail wp-image-341\" src=\"https:\/\/pragmatiq.pl\/zmianawarty\/wp-content\/uploads\/2018\/08\/picto04-150x150.png\" alt=\"\" width=\"50\" height=\"50\" srcset=\"https:\/\/pragmatiq.pl\/zmianawarty\/wp-content\/uploads\/2018\/08\/picto04-150x150.png 150w, https:\/\/pragmatiq.pl\/zmianawarty\/wp-content\/uploads\/2018\/08\/picto04-100x100.png 100w, https:\/\/pragmatiq.pl\/zmianawarty\/wp-content\/uploads\/2018\/08\/picto04.png 242w\" sizes=\"(max-width: 50px) 100vw, 50px\" \/>\u00a0 SP\u00d3\u0141KA RODZINNA Z ZEWN\u0118TRZNYM MENED\u017bEREM<\/strong><\/h1>\n","protected":false},"excerpt":{"rendered":"<p>\u00a0 SP\u00d3\u0141KA RODZINNA Z ZEWN\u0118TRZNYM MENED\u017bEREM<\/p>\n","protected":false},"author":25,"featured_media":0,"parent":0,"menu_order":0,"comment_status":"closed","ping_status":"closed","template":"page2.php","meta":{"footnotes":""},"class_list":["post-157","page","type-page","status-publish","hentry"],"_links":{"self":[{"href":"https:\/\/pragmatiq.pl\/zmianawarty\/wp-json\/wp\/v2\/pages\/157","targetHints":{"allow":["GET"]}}],"collection":[{"href":"https:\/\/pragmatiq.pl\/zmianawarty\/wp-json\/wp\/v2\/pages"}],"about":[{"href":"https:\/\/pragmatiq.pl\/zmianawarty\/wp-json\/wp\/v2\/types\/page"}],"author":[{"embeddable":true,"href":"https:\/\/pragmatiq.pl\/zmianawarty\/wp-json\/wp\/v2\/users\/25"}],"replies":[{"embeddable":true,"href":"https:\/\/pragmatiq.pl\/zmianawarty\/wp-json\/wp\/v2\/comments?post=157"}],"version-history":[{"count":9,"href":"https:\/\/pragmatiq.pl\/zmianawarty\/wp-json\/wp\/v2\/pages\/157\/revisions"}],"predecessor-version":[{"id":355,"href":"https:\/\/pragmatiq.pl\/zmianawarty\/wp-json\/wp\/v2\/pages\/157\/revisions\/355"}],"wp:attachment":[{"href":"https:\/\/pragmatiq.pl\/zmianawarty\/wp-json\/wp\/v2\/media?parent=157"}],"curies":[{"name":"wp","href":"https:\/\/api.w.org\/{rel}","templated":true}]}}

Spółka rodzinna z zewnętrznym menedżerem

<h1><strong><img decoding="async" class="alignnone size-thumbnail wp-image-341" src="https://pragmatiq.pl/zmianawarty/wp-content/uploads/2018/08/picto04-150x150.png" alt="" width="50" height="50" srcset="https://pragmatiq.pl/zmianawarty/wp-content/uploads/2018/08/picto04-150x150.png 150w, https://pragmatiq.pl/zmianawarty/wp-content/uploads/2018/08/picto04-100x100.png 100w, https://pragmatiq.pl/zmianawarty/wp-content/uploads/2018/08/picto04.png 242w" sizes="(max-width: 50px) 100vw, 50px" />  SPÓŁKA RODZINNA Z ZEWNĘTRZNYM MENEDŻEREM</strong></h1>

<p>  SPÓŁKA RODZINNA Z ZEWNĘTRZNYM MENEDŻEREM</p>
