{"id":3,"date":"2023-06-02T13:54:49","date_gmt":"2023-06-02T11:54:49","guid":{"rendered":"https:\/\/pragmatiq.pl\/sklep\/?page_id=3"},"modified":"2024-11-20T08:46:31","modified_gmt":"2024-11-20T07:46:31","slug":"polityka-prywatnosci","status":"publish","type":"page","link":"https:\/\/pragmatiq.pl\/sklep\/polityka-prywatnosci\/","title":{"rendered":"Polityka prywatno\u015bci"},"content":{"rendered":"\t\t<div data-elementor-type=\"wp-page\" data-elementor-id=\"3\" class=\"elementor elementor-3\" data-elementor-post-type=\"page\">\n\t\t\t\t\t\t<section class=\"elementor-section elementor-top-section elementor-element elementor-element-63d96d0c elementor-section-boxed elementor-section-height-default elementor-section-height-default\" data-id=\"63d96d0c\" data-element_type=\"section\" data-e-type=\"section\">\n\t\t\t\t\t\t<div class=\"elementor-container elementor-column-gap-default\">\n\t\t\t\t\t<div class=\"elementor-column elementor-col-100 elementor-top-column elementor-element elementor-element-750235a7\" data-id=\"750235a7\" data-element_type=\"column\" data-e-type=\"column\">\n\t\t\t<div class=\"elementor-widget-wrap elementor-element-populated\">\n\t\t\t\t\t\t<div class=\"elementor-element elementor-element-3dc4bbb elementor-widget elementor-widget-text-editor\" data-id=\"3dc4bbb\" data-element_type=\"widget\" data-e-type=\"widget\" data-widget_type=\"text-editor.default\">\n\t\t\t\t\t\t\t\t\t\n<p><strong>POLITYKA PRYWATNO\u015aCI SKLEPU INTERNETOWEGO<\/strong><\/p>\n<p><a href=\"https:\/\/pragmatiq.pl\/sklep\/\"><strong>pragmatiq.pl\/sklep<\/strong><\/a><\/p>\n<p><strong>\u00a0<\/strong><\/p>\n<h2 class=\"wp-block-heading\"><strong>DANE OSOBOWE<\/strong><\/h2>\n<ol>\n<li>Dane osobowe Klient\u00f3w Sklepu przetwarzane s\u0105 wy\u0142\u0105cznie w celu wykonania umowy sprzeda\u017cy zawartej za po\u015brednictwem Sklepu, zgodnie z Rozporz\u0105dzeniem Parlamentu Europejskiego i Rady (UE) 2016\/679 z dnia 27 kwietnia 2016 r. w sprawie ochrony os\u00f3b fizycznych w zwi\u0105zku z przetwarzaniem danych osobowych i w sprawie swobodnego przep\u0142ywu takich danych oraz uchylenia dyrektywy 95\/46\/WE (dalej <strong>RODO<\/strong>).<\/li>\n<li>Administratorem danych osobowych U\u017cytkownik\u00f3w Sklepu jest sp\u00f3\u0142ka PragmatIQ sp\u00f3\u0142ka z ograniczon\u0105 odpowiedzialno\u015bci\u0105 z siedzib\u0105 w Poznaniu, przy ulicy Grunwaldzkiej 107, 60-313 Pozna\u0144, wpisana do rejestru przedsi\u0119biorc\u00f3w Krajowego Rejestru S\u0105dowego prowadzonego przez S\u0105d Rejonowy Pozna\u0144 \u2013 Nowe Miasto i Wilda w Poznaniu, VIII Wydzia\u0142 Gospodarczy Krajowego Rejestru S\u0105dowego pod numerem KRS 0000363663, REGON: 301491166, NIP: 7792378998.<\/li>\n<li>Przegl\u0105danie zawarto\u015bci Sklepu nie wymaga podawania przez u\u017cytkownika Internetu danych osobowych.<\/li>\n<li>Dokonywanie Zam\u00f3wie\u0144 w Sklepie wi\u0105\u017ce si\u0119 z konieczno\u015bci\u0105 podania przez Klient\u00f3w danych osobowych. Podanie jakichkolwiek danych osobowych jest dobrowolne, jednak\u017ce niezb\u0119dne do z\u0142o\u017cenia zam\u00f3wienia. Dla cel\u00f3w dokonania zakupu wymagane jest podanie nast\u0119puj\u0105cych danych: imi\u0119 i nazwisko, adres dostawy, adres e-mail, numer telefonu (opcjonalnie), dane do faktury VAT (opcjonalnie).<\/li>\n<li>W przypadku, gdy przy sk\u0142adaniu Zam\u00f3wienia Klient wyrazi\u0142 zgod\u0119 na otrzymywanie informacji handlowych za po\u015brednictwem e-mail lub telefonicznie oraz innych \u015brodk\u00f3w komunikacji elektronicznej, dane osobowe Klienta b\u0119d\u0105 przetwarzane r\u00f3wnie\u017c celu wysy\u0142ania takich informacji.<\/li>\n<li>Zgodnie z obowi\u0105zuj\u0105cymi przepisami prawa Klientom przys\u0142uguje prawo do:\n<ol>\n<li>dost\u0119pu do swoich danych osobowych oraz otrzymania ich kopii,<\/li>\n<li>sprostowania, poprawiania swoich danych osobowych,<\/li>\n<li>usuni\u0119cia danych osobowych,<\/li>\n<li>ograniczenia przetwarzania danych osobowych,<\/li>\n<li>wniesienia sprzeciwu wobec przetwarzania danych osobowych,<\/li>\n<li>przenoszenia danych osobowych,<\/li>\n<li>wniesienia skargi do organu<\/li>\n<\/ol>\n<\/li>\n<li>Dane osobowe niezb\u0119dne do z\u0142o\u017cenia zam\u00f3wienia i wykonania umowy przetwarzane b\u0119d\u0105 do czasu up\u0142ywu terminu przedawnienia zobowi\u0105za\u0144 podatkowych sprzedawcy z tytu\u0142u dokonanej sprzeda\u017cy.<\/li>\n<li>Po wykonaniu umowy sprzeda\u017cy, w zakresie danych niezb\u0119dnych do z\u0142o\u017cenia zam\u00f3wienia i wykonania umowy, Klient nie ma mo\u017cliwo\u015bci \u017c\u0105dania sprostowania przekazanych danych, jak r\u00f3wnie\u017c nie jest uprawniony do wyra\u017cenia sprzeciwu wobec przetwarzania danych osobowych, a tak\u017ce nie mo\u017ce domaga\u0107 si\u0119 usuni\u0119cia danych osobowych a\u017c do czasu up\u0142ywu terminu przedawnienia zobowi\u0105za\u0144 podatkowych sprzedawcy z tytu\u0142u dokonanej sprzeda\u017cy.<\/li>\n<li>W przypadku rozwi\u0105zania umowy sprzeda\u017cy przed jej wykonaniem, dane osobowe Klienta zostan\u0105 usuni\u0119te lub poddane anonimizacji, chyba \u017ce dalsze przetwarzanie danych b\u0119dzie uzasadnione powszechnie obowi\u0105zuj\u0105cymi przepisami prawa.<\/li>\n<li>Administrator gwarantuje poufno\u015b\u0107 wszelkich przekazanych mu danych<\/li>\n<li>Administrator informuje, \u017ce powierza przetwarzanie danych osobowych nast\u0119puj\u0105cym podmiotom:\n<ol>\n<li>GETRESPONSE sp. z o.o. z siedzib\u0105 w Gda\u0144sku przy ul. Arko\u0144skiej 6\/A3 (80-387 Gda\u0144sk), wpisanej do rejestru przedsi\u0119biorc\u00f3w Krajowego Rejestru S\u0105dowego przez S\u0105d Rejonowy Gda\u0144sk-P\u00f3\u0142noc w Gda\u0144sku, VII Wydzia\u0142 Gospodarczy KRS pod numerem KRS: 0000187388, REGON: 192998251, NIP: 9581468984, w celu wysy\u0142ki wiadomo\u015bci e-mail za pomoc\u0105 systemu GetResponse,<\/li>\n<li>PragmatIQ Kancelaria Prawna Szymkowiak <span data-teams=\"true\"><span class=\"ui-provider a b c d e f g h i j k l m n o p q r s t u v w x y z ab ac ae af ag ah ai aj ak\" dir=\"ltr\">S.K.A.<\/span><\/span> z siedzib\u0105 w Poznaniu przy ul. Grunwaldzkiej 107 (60-313 Pozna\u0144), wpisanej do rejestru przedsi\u0119biorc\u00f3w Krajowego Rejestru S\u0105dowego prowadzonego przez S\u0105d Rejonowy Pozna\u0144-Nowe Miasto i Wilda w Poznaniu, VIII Wydzia\u0142 Gospodarczy KRS pod numerem KRS:<span data-teams=\"true\"><span class=\"ui-provider a b c d e f g h i j k l m n o p q r s t u v w x y z ab ac ae af ag ah ai aj ak\" dir=\"ltr\">0000935503<\/span><\/span>, REGON: 301555950, NIP: 7792382586, w celu realizacji z\u0142o\u017conego zam\u00f3wienia.<\/li>\n<\/ol>\n<\/li>\n<li>Administrator o\u015bwiadcza, \u017ce dane osobowe mog\u0105 zosta\u0107 udost\u0119pnione r\u00f3wnie\u017c innym zaufanym partnerom wspieraj\u0105cym Administratora w \u015bwiadczeniu us\u0142ug, w szczeg\u00f3lno\u015bci podmiotom zapewniaj\u0105cym us\u0142ugi p\u0142atnicze, pocztowe, logistyczne. Dane, o kt\u00f3rych mowa powy\u017cej udost\u0119pnione b\u0119d\u0105 zgodnie z obowi\u0105zuj\u0105cymi przepisami prawa wy\u0142\u0105cznie w celu \u015bwiadczenia us\u0142ug.<\/li>\n<\/ol>\n<h2><strong>PLIKI COOKIES<\/strong><\/h2>\n<ol>\n<li>Sklep wykorzystuje pliki &#8222;cookies&#8221;. Cookies stanowi\u0105 niewielkie pliki zapisywane na urz\u0105dzeniu ko\u0144cowym odbiorcy tre\u015bci Sklepu, kt\u00f3re s\u0105 odczytywane przy \u0142\u0105czeniu si\u0119 ze Sklepem z tego urz\u0105dzenia ko\u0144cowego.<\/li>\n<li>W ramach Sklepu pliki cookies wykorzystywane s\u0105 do nast\u0119puj\u0105cych cel\u00f3w:\n<ol>\n<li>utrzymanie i zapisanie sesji u\u017cytkownika;<\/li>\n<li>ustawienie rozmiaru czcionki i innych tego typu w\u0142a\u015bciwo\u015bci u\u0142atwiaj\u0105cych prac\u0119 z serwisem Sklepu;<\/li>\n<li>zapisanie informacji niezb\u0119dnych do poprawnego dzia\u0142ania Sklepu;<\/li>\n<li>monitorowanie ruchu na stronach Sklepu;<\/li>\n<li>zbieranie anonimowych statystyk, w celu poznania w jaki spos\u00f3b u\u017cytkownicy korzystaj\u0105 z Sklepu;<\/li>\n<li>weryfikacja cz\u0119stotliwo\u015bci wy\u015bwietlania si\u0119 danej tre\u015bci u\u017cytkownikom;<\/li>\n<li>wykorzystanie narz\u0119dzia do komunikacji;<\/li>\n<li>integracja z portalami spo\u0142eczno\u015bciowymi.<\/li>\n<\/ol>\n<\/li>\n<li>U\u017cytkownik mo\u017ce zarz\u0105dza\u0107 polityk\u0105 cookies poprzez odpowiedni\u0105 modyfikacj\u0119 ustawie\u0144 swojej przegl\u0105darki internetowej, w szczeg\u00f3lno\u015bci mo\u017ce blokowa\u0107 automatyczn\u0105 obs\u0142ug\u0119 plik\u00f3w cookies b\u0105d\u017a dokona\u0107 ustawie\u0144, zgodnie z kt\u00f3rymi u\u017cytkownik jest informowany o ka\u017cdorazowym zamieszczeniu plik\u00f3w cookies w urz\u0105dzeniu U\u017cytkownika. Zastrzega si\u0119 jednak, \u017ce okre\u015blone funkcje Sklepu mog\u0105 nie dzia\u0142a\u0107 prawid\u0142owo w razie ograniczenia plik\u00f3w cookies.<\/li>\n<\/ol>\n<h2><strong>POSTANOWIENIA KO\u0143COWE<\/strong><\/h2>\n<ol>\n<li>Poj\u0119ciom pisanym wielk\u0105 liter\u0105 w Polityce Prywatno\u015bci przydaje si\u0119 znaczenie, jakie zosta\u0142o im nadane w Regulaminie Sklepu internetowego.<\/li>\n<li>Administrator danych osobowych mo\u017ce dokonywa\u0107 zmian w niniejszej Polityce Prywatno\u015bci w ka\u017cdym czasie mi\u0119dzy innymi z uwagi na zmiany techniczne Sklepu, nowe funkcjonalno\u015bci, Zmiany niniejszej Polityki Prywatno\u015bci odnosz\u0105 skutek na przysz\u0142o\u015b\u0107, od daty wprowadzenia zmiany.<\/li>\n<\/ol>\n\t\t\t\t\t\t\t\t<\/div>\n\t\t\t\t\t<\/div>\n\t\t<\/div>\n\t\t\t\t\t<\/div>\n\t\t<\/section>\n\t\t\t\t<\/div>\n\t\t","protected":false},"excerpt":{"rendered":"<p>POLITYKA PRYWATNO\u015aCI SKLEPU INTERNETOWEGO pragmatiq.pl\/sklep \u00a0 DANE OSOBOWE Dane osobowe Klient\u00f3w Sklepu przetwarzane s\u0105 wy\u0142\u0105cznie w celu wykonania umowy sprzeda\u017cy zawartej za po\u015brednictwem Sklepu, zgodnie z Rozporz\u0105dzeniem Parlamentu Europejskiego i Rady (UE) 2016\/679 z dnia 27 kwietnia 2016 r. w sprawie ochrony os\u00f3b fizycznych w zwi\u0105zku z przetwarzaniem danych osobowych i w sprawie swobodnego przep\u0142ywu [&hellip;]<\/p>\n","protected":false},"author":1,"featured_media":0,"parent":0,"menu_order":0,"comment_status":"closed","ping_status":"open","template":"","meta":{"_acf_changed":false,"site-sidebar-layout":"default","site-content-layout":"","ast-site-content-layout":"default","site-content-style":"default","site-sidebar-style":"default","ast-global-header-display":"","ast-banner-title-visibility":"","ast-main-header-display":"","ast-hfb-above-header-display":"","ast-hfb-below-header-display":"","ast-hfb-mobile-header-display":"","site-post-title":"","ast-breadcrumbs-content":"","ast-featured-img":"","footer-sml-layout":"","ast-disable-related-posts":"","theme-transparent-header-meta":"","adv-header-id-meta":"","stick-header-meta":"","header-above-stick-meta":"","header-main-stick-meta":"","header-below-stick-meta":"","astra-migrate-meta-layouts":"set","ast-page-background-enabled":"default","ast-page-background-meta":{"desktop":{"background-color":"var(--ast-global-color-4)","background-image":"","background-repeat":"repeat","background-position":"center center","background-size":"auto","background-attachment":"scroll","background-type":"","background-media":"","overlay-type":"","overlay-color":"","overlay-opacity":"","overlay-gradient":""},"tablet":{"background-color":"","background-image":"","background-repeat":"repeat","background-position":"center center","background-size":"auto","background-attachment":"scroll","background-type":"","background-media":"","overlay-type":"","overlay-color":"","overlay-opacity":"","overlay-gradient":""},"mobile":{"background-color":"","background-image":"","background-repeat":"repeat","background-position":"center center","background-size":"auto","background-attachment":"scroll","background-type":"","background-media":"","overlay-type":"","overlay-color":"","overlay-opacity":"","overlay-gradient":""}},"ast-content-background-meta":{"desktop":{"background-color":"var(--ast-global-color-5)","background-image":"","background-repeat":"repeat","background-position":"center center","background-size":"auto","background-attachment":"scroll","background-type":"","background-media":"","overlay-type":"","overlay-color":"","overlay-opacity":"","overlay-gradient":""},"tablet":{"background-color":"var(--ast-global-color-5)","background-image":"","background-repeat":"repeat","background-position":"center center","background-size":"auto","background-attachment":"scroll","background-type":"","background-media":"","overlay-type":"","overlay-color":"","overlay-opacity":"","overlay-gradient":""},"mobile":{"background-color":"var(--ast-global-color-5)","background-image":"","background-repeat":"repeat","background-position":"center center","background-size":"auto","background-attachment":"scroll","background-type":"","background-media":"","overlay-type":"","overlay-color":"","overlay-opacity":"","overlay-gradient":""}},"footnotes":""},"class_list":["post-3","page","type-page","status-publish","hentry"],"acf":[],"_links":{"self":[{"href":"https:\/\/pragmatiq.pl\/sklep\/wp-json\/wp\/v2\/pages\/3","targetHints":{"allow":["GET"]}}],"collection":[{"href":"https:\/\/pragmatiq.pl\/sklep\/wp-json\/wp\/v2\/pages"}],"about":[{"href":"https:\/\/pragmatiq.pl\/sklep\/wp-json\/wp\/v2\/types\/page"}],"author":[{"embeddable":true,"href":"https:\/\/pragmatiq.pl\/sklep\/wp-json\/wp\/v2\/users\/1"}],"replies":[{"embeddable":true,"href":"https:\/\/pragmatiq.pl\/sklep\/wp-json\/wp\/v2\/comments?post=3"}],"version-history":[{"count":0,"href":"https:\/\/pragmatiq.pl\/sklep\/wp-json\/wp\/v2\/pages\/3\/revisions"}],"wp:attachment":[{"href":"https:\/\/pragmatiq.pl\/sklep\/wp-json\/wp\/v2\/media?parent=3"}],"curies":[{"name":"wp","href":"https:\/\/api.w.org\/{rel}","templated":true}]}}