{"id":5,"date":"2019-03-08T19:05:30","date_gmt":"2019-03-08T18:05:30","guid":{"rendered":"http:\/\/kontrolowana.pl\/?page_id=5"},"modified":"2024-06-19T10:35:54","modified_gmt":"2024-06-19T08:35:54","slug":"o-nas","status":"publish","type":"page","link":"https:\/\/pragmatiq.pl\/kontrolowana\/o-nas\/","title":{"rendered":"O nas"},"content":{"rendered":"\n<h2 class=\"wp-block-heading\">Stosuj\u0105c nasze rozwi\u0105zania ka\u017cdemu mo\u017cesz spojrze\u0107 prosto w oczy.<\/h2>\n\n\n\n<p>Od lat doradzamy przedsi\u0119biorcom w sporach z urz\u0119dami skarbowymi i urz\u0119dami celno &#8211; skarbowymi. Do ka\u017cdej sprawy podchodzimy indywidualnie i kompleksowo, nie stosujemy szablonowych rozwi\u0105za\u0144. Zapewniamy obiektywne spojrzenie na spraw\u0119 i realn\u0105 ocen\u0119 szansy na sukces. <\/p>\n\n\n\n<hr class=\"wp-block-separator has-css-opacity\"\/>\n\n\n\n<p>Wi\u0119cej dowiesz si\u0119 o nas z\u00a0naszej strony\u00a0<a href=\"https:\/\/pragmatiq.pl\/\" target=\"_blank\" rel=\"noopener\" title=\"\">pragmatiq.pl<\/a>, a dane kontaktowe znajdziesz poni\u017cej.<\/p>\n\n\n<div class=\"col-xl-6 col-lg-6 col-md-6 col-sm-12 col-xs-12 kaptur-content\">\n<div class=\"row\">\n<div class=\"col-4 about-content\"><img decoding=\"async\" class=\"wp-image-91\" src=\"https:\/\/pragmatiq.pl\/kontrolowana\/wp-content\/uploads\/2019\/04\/Wojciech-Kaptur_BIG_DESKTOP.jpg\" alt=\"\" \/><\/div>\n<div class=\"col-8 about-contact\">\n<h6 class=\"about-title\">Wojciech Kaptur<\/h6>\n<p class=\"about-info\">Radca prawny, Doradca podatkowy<\/p>\n<p class=\"about-mail\"><a href=\"mailto:w.kaptur@kontrolowana.pl\">e-mail: w.kaptur@kontrolowana.pl<\/a><\/p>\n<p class=\"about-more\">Zobacz wi\u0119cej&#8230;<\/p>\n<\/div>\n<\/div>\n<div class=\"row about-description\">\n<div class=\"col-12\">\n<p>Wojciech jest wsp\u00f3lnikiem w Kancelarii PragmatIQ, w kt\u00f3rej kieruje pracami zespo\u0142u prawa podatkowego.<\/p>\n<p>Z PragmatIQ wsp\u00f3\u0142pracuje od 2010 roku; wcze\u015bniej do\u015bwiadczenie zawodowe zdobywa\u0142 w mi\u0119dzynarodowej firmie doradczej.<\/p>\n<p>Ma wieloletnie do\u015bwiadczenie w reprezentowaniu Klient\u00f3w w post\u0119powaniach przed organami podatkowymi i s\u0105dami administracyjnymi. Prowadzi szkolenia z zakresu prawa podatkowego.<\/p>\n<p>Uko\u0144czy\u0142 Wydzia\u0142 Prawa i Administracji na Uniwersytecie im. Adama Mickiewicza w Poznaniu. Jest tak\u017ce absolwentem Uniwersytetu Ekonomicznego &#8211; Wydzia\u0142 Ekonomii, specjalizacja Rachunkowo\u015b\u0107 i Skarbowo\u015b\u0107.<\/p>\n<\/div>\n<\/div>\n<\/div>\n<\/div>","protected":false},"excerpt":{"rendered":"<p>Stosuj\u0105c nasze rozwi\u0105zania ka\u017cdemu mo\u017cesz spojrze\u0107 prosto w oczy. Od lat doradzamy przedsi\u0119biorcom w sporach z urz\u0119dami skarbowymi i urz\u0119dami celno &#8211; skarbowymi. Do ka\u017cdej sprawy podchodzimy indywidualnie i kompleksowo, nie stosujemy szablonowych rozwi\u0105za\u0144. Zapewniamy obiektywne spojrzenie na spraw\u0119 i realn\u0105 ocen\u0119 szansy na sukces. Wi\u0119cej dowiesz si\u0119 o nas z\u00a0naszej strony\u00a0pragmatiq.pl, a dane kontaktowe &hellip; <\/p>\n<p class=\"link-more\"><a href=\"https:\/\/pragmatiq.pl\/kontrolowana\/o-nas\/\" class=\"more-link\">Continue reading<span class=\"screen-reader-text\"> &#8222;O nas&#8221;<\/span><\/a><\/p>\n","protected":false},"author":8,"featured_media":0,"parent":0,"menu_order":0,"comment_status":"closed","ping_status":"closed","template":"about-page.php","meta":{"footnotes":""},"class_list":["post-5","page","type-page","status-publish","hentry"],"aioseo_notices":[],"_links":{"self":[{"href":"https:\/\/pragmatiq.pl\/kontrolowana\/wp-json\/wp\/v2\/pages\/5","targetHints":{"allow":["GET"]}}],"collection":[{"href":"https:\/\/pragmatiq.pl\/kontrolowana\/wp-json\/wp\/v2\/pages"}],"about":[{"href":"https:\/\/pragmatiq.pl\/kontrolowana\/wp-json\/wp\/v2\/types\/page"}],"author":[{"embeddable":true,"href":"https:\/\/pragmatiq.pl\/kontrolowana\/wp-json\/wp\/v2\/users\/8"}],"replies":[{"embeddable":true,"href":"https:\/\/pragmatiq.pl\/kontrolowana\/wp-json\/wp\/v2\/comments?post=5"}],"version-history":[{"count":95,"href":"https:\/\/pragmatiq.pl\/kontrolowana\/wp-json\/wp\/v2\/pages\/5\/revisions"}],"predecessor-version":[{"id":832,"href":"https:\/\/pragmatiq.pl\/kontrolowana\/wp-json\/wp\/v2\/pages\/5\/revisions\/832"}],"wp:attachment":[{"href":"https:\/\/pragmatiq.pl\/kontrolowana\/wp-json\/wp\/v2\/media?parent=5"}],"curies":[{"name":"wp","href":"https:\/\/api.w.org\/{rel}","templated":true}]}}

<h2 class="wp-block-heading">Stosując nasze rozwiązania każdemu możesz spojrzeć prosto w oczy.</h2>



<p>Od lat doradzamy przedsiębiorcom w sporach z urzędami skarbowymi i urzędami celno &#8211; skarbowymi. Do każdej sprawy podchodzimy indywidualnie i kompleksowo, nie stosujemy szablonowych rozwiązań. Zapewniamy obiektywne spojrzenie na sprawę i realną ocenę szansy na sukces. </p>



<hr class="wp-block-separator has-css-opacity"/>



<p>Więcej dowiesz się o nas z naszej strony <a href="https://pragmatiq.pl/" target="_blank" rel="noopener" title="">pragmatiq.pl</a>, a dane kontaktowe znajdziesz poniżej.</p>


<div class="col-xl-6 col-lg-6 col-md-6 col-sm-12 col-xs-12 kaptur-content">
<div class="row">
<div class="col-4 about-content"><img decoding="async" class="wp-image-91" src="https://pragmatiq.pl/kontrolowana/wp-content/uploads/2019/04/Wojciech-Kaptur_BIG_DESKTOP.jpg" alt="" /></div>
<div class="col-8 about-contact">
<h6 class="about-title">Wojciech Kaptur</h6>
<p class="about-info">Radca prawny, Doradca podatkowy</p>
<p class="about-mail"><a href="mailto:w.kaptur@kontrolowana.pl">e-mail: w.kaptur@kontrolowana.pl</a></p>
<p class="about-more">Zobacz więcej&#8230;</p>
</div>
</div>
<div class="row about-description">
<div class="col-12">
<p>Wojciech jest wspólnikiem w Kancelarii PragmatIQ, w której kieruje pracami zespołu prawa podatkowego.</p>
<p>Z PragmatIQ współpracuje od 2010 roku; wcześniej doświadczenie zawodowe zdobywał w międzynarodowej firmie doradczej.</p>
<p>Ma wieloletnie doświadczenie w reprezentowaniu Klientów w postępowaniach przed organami podatkowymi i sądami administracyjnymi. Prowadzi szkolenia z zakresu prawa podatkowego.</p>
<p>Ukończył Wydział Prawa i Administracji na Uniwersytecie im. Adama Mickiewicza w Poznaniu. Jest także absolwentem Uniwersytetu Ekonomicznego &#8211; Wydział Ekonomii, specjalizacja Rachunkowość i Skarbowość.</p>
</div>
</div>
</div>
</div>

<p>Stosując nasze rozwiązania każdemu możesz spojrzeć prosto w oczy. Od lat doradzamy przedsiębiorcom w sporach z urzędami skarbowymi i urzędami celno &#8211; skarbowymi. Do każdej sprawy podchodzimy indywidualnie i kompleksowo, nie stosujemy szablonowych rozwiązań. Zapewniamy obiektywne spojrzenie na sprawę i realną ocenę szansy na sukces. Więcej dowiesz się o nas z naszej strony pragmatiq.pl, a dane kontaktowe &hellip; </p>
<p class="link-more"><a href="https://pragmatiq.pl/kontrolowana/o-nas/" class="more-link">Continue reading<span class="screen-reader-text"> &#8222;O nas&#8221;</span></a></p>
